
Convert 5173 (base 15) to base 12.
9b60
-9162 (base 10) to base 2
-10001111001010
What is -146104 (base 8) in base 3?
-2122201202
28a3 (base 13) to base 7
23066
Convert -21321112 (base 4) to base 7.
-226114
Convert -4252 (base 7) to base 6.
-10551
Convert 1b16b (base 12) to base 14.
107d1
Convert 650 (base 15) to base 13.
858
What is -53 (base 7) in base 11?
-35
What is -1011000101011 (base 2) in base 13?
-2777
Convert 10111101011 (base 2) to base 14.
7a3
What is -11112111 (base 4) in base 2?
-101010110010101
What is -101121120 (base 3) in base 4?
-1320321
What is 1135 (base 10) in base 12?
7a7
859 (base 10) to base 7
2335
Convert 212012 (base 4) to base 12.
14b2
1d3 (base 15) to base 14
223
Convert -1476 (base 15) to base 14.
-1854
195 (base 10) to base 4
3003
Convert 14433 (base 7) to base 8.
7631
-1100211 (base 6) to base 12
-27667
Convert 421 (base 9) to base 15.
17d
What is 126 (base 12) in base 13?
105
What is -537 (base 14) in base 2?
-10000000101
Convert -22a (base 14) to base 15.
-1da
What is 143056 (base 7) in base 6?
331121
What is -2c5 (base 15) in base 16?
-27b
-10211 (base 4) to base 14
-16d
What is -174 (base 10) in base 2?
-10101110
11011101 (base 2) to base 16
dd
-4911 (base 16) to base 2
-100100100010001
Convert 32 (base 7) to base 11.
21
116640 (base 8) to base 4
21312200
Convert -1011011100110100 (base 2) to base 3.
-2101100001
-cc4c (base 14) to base 8
-105024
-341 (base 8) to base 11
-195
Convert -2306 (base 9) to base 15.
-78c
What is -101100010110 (base 2) in base 14?
-106a
What is 3556 (base 9) in base 11?
1a93
Convert -24670 (base 12) to base 15.
-e93c
Convert 1300240 (base 5) to base 2.
110000111101110
-22301 (base 6) to base 15
-ddd
What is -3b4 (base 13) in base 8?
-1216
What is 553225 (base 6) in base 7?
251252
-102120020 (base 3) to base 11
-6374
-12123 (base 4) to base 2
-110011011
-1c29 (base 16) to base 12
-4209
-b1d8 (base 14) to base 7
-155061
-12210021 (base 4) to base 5
-1330024
What is 5183 (base 10) in base 11?
3992
-10122220 (base 3) to base 16
-a6e
Convert -13a (base 12) to base 7.
-361
What is 100100 (base 2) in base 7?
51
Convert -184b8 (base 13) to base 15.
-ddae
What is -12063 (base 8) in base 3?
-21002112
Convert -456 (base 12) to base 14.
-33c
Convert -8237 (base 11) to base 15.
-338a
-2402 (base 5) to base 2
-101100000
What is 110010000000 (base 2) in base 9?
4345
-22244 (base 5) to base 16
-626
Convert -b52 (base 13) to base 9.
-2570
Convert -1680 (base 11) to base 2.
-100001100001
What is 3c7e (base 16) in base 3?
210020120
What is -79b (base 12) in base 15?
-502
34245 (base 7) to base 9
12843
-10692 (base 10) to base 16
-29c4
Convert 37b (base 13) to base 5.
4414
Convert 16db (base 14) to base 10.
4113
705 (base 14) to base 2
10101100001
4571 (base 11) to base 9
8214
What is -514 (base 11) in base 9?
-758
-86a (base 16) to base 9
-2853
Convert -100110011 (base 2) to base 7.
-616
Convert -1968 (base 12) to base 5.
-44404
What is -11000001111111 (base 2) in base 14?
-474b
Convert -110111111 (base 2) to base 6.
-2023
Convert 526 (base 11) to base 14.
333
-14546 (base 9) to base 6
-113540
Convert -2154 (base 13) to base 4.
-1020120
1103 (base 9) to base 2
1100101101
104313 (base 7) to base 4
10132200
Convert -2022 (base 4) to base 14.
-9c
-32661 (base 7) to base 4
-2000202
6 (base 15) to base 2
110
-2ab (base 13) to base 7
-1253
What is 3343 (base 7) in base 2?
10010110111
44121 (base 5) to base 3
11011110
What is -12a60 (base 13) in base 14?
-c923
What is 193 (base 15) in base 7?
1026
-10212220 (base 3) to base 4
-230100
What is -972a (base 14) in base 8?
-62772
Convert 691 (base 13) to base 12.
7a4
What is -120323 (base 4) in base 2?
-11000111011
-42c (base 13) to base 12
-4b6
What is 3770 (base 8) in base 2?
11111111000
Convert -12833 (base 11) to base 8.
-43603
What is -15c8 (base 14) in base 3?
-12100110
What is 245 (base 14) in base 16?
1c5
What is 12102311 (base 4) in base 3?
1022100212
Convert -10121100 (base 3) to base 6.
-20100
Convert 1120 (base 10) to base 13.
682
Convert 1918 (base 10) to base 2.
11101111110
-110002101 (base 3) to base 15
-2927
What is 29ba (base 16) in base 12?
6222
Convert -1533 (base 8) to base 4.
-31123
What is -31131 (base 8) in base 4?
-3021121
-15 (base 8) to base 12
-11
1300 (base 12) to base 7
6204
371 (base 12) to base 15
247
What is 118a (base 11) in base 10?
1550
1260 (base 9) to base 10
945
What is 14446 (base 7) in base 5?
112003
Convert 1bc (base 14) to base 2.
101101010
Convert 7cd (base 16) to base 3.
2201222
Convert 1532 (base 7) to base 2.
1001100011
What is -2282 (base 11) in base 2?
-101110110010
-6a7 (base 15) to base 5
-22012
What is 22202 (base 4) in base 14?
362
-222112 (base 4) to base 8
-5226
Convert -23861 (base 14) to base 4.
-111022331
-120020222 (base 3) to base 5
-323443
Convert -11435 (base 6) to base 5.
-23204
Convert -270a (base 14) to base 11.
-5186
254254 (base 6) to base 16
59da
Convert -153 (base 6) to base 4.
-1011
What is -606 (base 7) in base 14?
-176
Convert 11004 (base 8) to base 6.
33204
What is 778 (base 14) in base 8?
2706
Convert 211 (base 16) to base 7.
1354
Convert 111110101100 (base 2) to base 4.
332230
-21431 (base 5) to base 12
-a43
Convert 2538 (base 14) to base 16.
1976
What is -740 (base 8) in base 5?
-3410
Convert -37345 (base 8) to base 3.
-211002100
Convert bab2 (base 12) to base 8.
50146
Convert 21001100 (base 4) to base 7.
212465
Convert -6c78 (base 13) to base 16.
-3bcd
What is 632 (base 7) in base 6?
1245
What is 935 (base 10) in base 14?
4ab
What is -b20 (base 12) in base 7?
-4455
What is 1240 (base 6) in base 16?
138
56612 (base 7) to base 4
3200132
3243 (base 7) to base 6
5210
What is 20334 (base 13) in base 4?
32011020
Convert -3352 (base 9) to base 11.
-1952
What is -1011202 (base 3) in base 9?
-1152
Convert -21102 (base 3) to base 2.
-11001000
Convert -e3a (base 16) to base 4.
-320322
Convert -1110340 (base 5) to base 11.
-136a0
Convert -3111442 (base 5) to base 4.
-30122320
What is 17b8 (base 14) in base 12?
2586
Convert 608 (base 9) to base 13.
2c0
Convert -2165 (base 7) to base 9.
-1058
Convert 110010001100 (base 2) to base 7.
12236
What is -3120210 (base 4) in base 16?
-3624
a190 (base 15) to base 2
1000010100111110
What is 25004 (base 6) in base 8?
7134
17833 (base 10) to base 6
214321
What is d0 (base 16) in base 3?
21201
What is -7562 (base 9) in base 6?
-41432
Convert -6446 (base 7) to base 8.
-4360
What is 30267 (base 9) in base 10?
19906
-140114 (base 6) to base 2
-11001011001110
What is -11be (base 15) in base 13?
-1949
What is -14176 (base 10) in base 7?
-56221
What is 8b (base 13) in base 6?
311
Convert -9552 (base 10) to base 13.
-446a
Convert 491 (base 11) to base 12.
408
What is 1307 (base 8) in base 9?
870
Convert 666 (base 10) to base 11.
556
1121120 (base 3) to base 4
102120
362 (base 16) to base 9
1162
Convert 92b (base 15) to base 6.
13322
-115530 (base 7) to base 8
-51305
What is -40421 (base 7) in base 15?
-2d95
-1003 (base 5) to base 8
-200
What is -100111001101010 (base 2) in base 4?
-10321222
-3320210 (base 4) to base 12
-9258
Convert -3507 (base 13) to base 12.
-4383
What is -1025 (base 6) in base 9?
-278
What is -31202 (base 5) in base 16?
-804
Convert 933 (base 10) to base 8.
1645
Convert -39a9b (base 12) to base 13.
-2a146
What is 5455 (base 9) in base 14?
1671
-3285 (base 11) to base 6
-32012
-103466 (base 7) to base 16
-46a0
Convert 1151 (base 6) to base 4.
10123
2354 (base 6) to base 11
482
5c3 (base 16) to base 5
21400
Convert 12221210 (base 3) to base 9.
5853
-5501 (base 6) to base 12
-891
What is -3ac (base 13) in base 7?
-1615
Convert dc (base 15) to base 10.
207
18a79 (base 11) to base 10
26585
-161a3 (base 13) to base 10
-42045
Convert -1253 (base 10) to base 4.
-103211
56830 (base 9) to base 15
b339
Convert 27434 (base 9) to base 13.
85c3
What is -41676 (base 10) in base 7?
-232335
What is -1aa (base 14) in base 12?
-24a
What is -1210220222 (base 3) in base 6?
-433042
Convert 1223111 (base 4) to base 16.
1ad5
-55d2 (base 15) to base 12
-a645
Convert 1001111111111 (base 2) to base 15.
17b4
34144 (base 6) to base 16
12d0
-150011 (base 6) to base 4
-3132313
13788 (base 9) to base 10
9395
65a7 (base 15) to base 2
101010000011100
What is -4767 (base 16) in ba